{"id":34,"date":"2013-10-30T23:56:53","date_gmt":"2013-10-30T22:56:53","guid":{"rendered":"http:\/\/engagezvous.com\/site\/?page_id=34"},"modified":"2013-10-30T23:56:53","modified_gmt":"2013-10-30T22:56:53","slug":"kayitsiz-kalmayin-mucadeleye-katilin-turkia","status":"publish","type":"page","link":"http:\/\/vivelaterre.com\/livres2026\/around-the-world\/kayitsiz-kalmayin-mucadeleye-katilin-turkia\/","title":{"rendered":"Kay\u0131ts\u0131z Kalmay\u0131n M\u00fccadeleye Kat\u0131l\u0131n!  (Turkia)"},"content":{"rendered":"<h3 id=\"bookTitle\" itemprop=\"name\">Turkia<\/h3>\n<h1 itemprop=\"name\">Kay\u0131ts\u0131z Kalmay\u0131n M\u00fccadeleye Kat\u0131l\u0131n!<\/h1>\n<div>(Gilles Wanderpoosen ile S\u00f6yle\u015fi)<\/div>\n<div>\n<div>56 pages<\/div>\n<\/div>\n<div>Published 2011 by Cumhuriyet Kitaplar\u0131 \/ Ayd\u0131nlanma Kitapl\u0131\u011f\u0131<\/div>\n<div><\/div>\n<div>Stephane Hessel, milyonlarca satan \u00d6fkelenin! adl\u0131 kitab\u0131ndan sonra Gilles Vanderpooten ile yapt\u0131\u011f\u0131 s\u00f6yle\u015filerde, Fransa&rsquo;da 1944&rsquo;te Ulusal Direni\u015f Konseyi&rsquo;nin;<br \/>\n&#8211; paran\u0131n diktas\u0131n\u0131 yads\u0131maktan,<br \/>\n&#8211; a\u015f\u0131r\u0131 yoksullu\u011fa meydan okumaktan,<br \/>\n&#8211; k\u00fcstah bir zenginli\u011fe kar\u015f\u0131 \u00f6fkelenmekten,<br \/>\n&#8211; ba\u011f\u0131ms\u0131z bir bas\u0131n ihtiyac\u0131n\u0131 ifade etmekten,<br \/>\n&#8211; sosyal g\u00fcvenli\u011fi, ifade \u00f6zg\u00fcrl\u00fc\u011f\u00fcn\u00fc ve insan haklar\u0131n\u0131 savunmaktan olu\u015fan ve kendisinin de Cumhuriyet ve demokrasinin de\u011ferleri olarak niteledi\u011fi de\u011ferlerine sahip \u00e7\u0131karak, bug\u00fcn bu kazan\u0131mlar\u0131n tehlike alt\u0131nda oldu\u011funu vurguluyor.<\/p>\n<p>Bu 94 ya\u015f\u0131ndaki &lsquo;gen\u00e7 sosyalist&rsquo;, gezegenimizin kirlenmesini ve iklim felaketini, acilen m\u00fcdahale edilmesi gereken ikinci b\u00fcy\u00fck tehlike olarak g\u00f6rerek, gen\u00e7 ku\u015faklann seferber olmas\u0131n\u0131 istiyor. Bu ba\u011flamda Sartrevari bir m\u00fccadeleye kat\u0131lacak olanlar, ger\u00e7ek anlamda &lsquo;insan&rsquo; olacaklard\u0131r. \u00c7evremizde rezilce \u015feylerin oldu\u011funu ve bunlara kar\u015f\u0131 g\u00fc\u00e7l\u00fc bir direni\u015f g\u00f6stermek gerekti\u011fini s\u00f6yleyen Hessel&rsquo;in g\u00f6r\u00fc\u015fleri, Madrid, Atina, Tel Aviv ve Santiago&rsquo;dan sonra kapitalizmin merkezi Wall Street&rsquo;te de y\u00fckselen tepki dalgas\u0131n\u0131n \u0131\u015f\u0131\u011f\u0131nda daha da anlam kazan\u0131yor.<br \/>\n(Tan\u0131t\u0131m B\u00fclteninden)<\/p><\/div>\n<div><\/div>\n","protected":false},"excerpt":{"rendered":"<p>Turkia Kay\u0131ts\u0131z Kalmay\u0131n M\u00fccadeleye Kat\u0131l\u0131n! (Gilles Wanderpoosen ile S\u00f6yle\u015fi) 56 pages Published 2011 by Cumhuriyet Kitaplar\u0131 \/ Ayd\u0131nlanma Kitapl\u0131\u011f\u0131 Stephane Hessel, milyonlarca satan \u00d6fkelenin! adl\u0131 kitab\u0131ndan sonra Gilles Vanderpooten ile yapt\u0131\u011f\u0131 s\u00f6yle\u015filerde, Fransa&rsquo;da 1944&rsquo;te Ulusal Direni\u015f Konseyi&rsquo;nin; &#8211; paran\u0131n diktas\u0131n\u0131 yads\u0131maktan, &#8211; a\u015f\u0131r\u0131 yoksullu\u011fa meydan okumaktan, &#8211; k\u00fcstah bir zenginli\u011fe kar\u015f\u0131 \u00f6fkelenmekten, &#8211; ba\u011f\u0131ms\u0131z bir [&hellip;]<\/p>\n","protected":false},"author":1,"featured_media":0,"parent":7487,"menu_order":0,"comment_status":"open","ping_status":"open","template":"","meta":{"_acf_changed":false,"footnotes":""},"class_list":["post-34","page","type-page","status-publish","hentry"],"acf":[],"_links":{"self":[{"href":"http:\/\/vivelaterre.com\/livres2026\/wp-json\/wp\/v2\/pages\/34","targetHints":{"allow":["GET"]}}],"collection":[{"href":"http:\/\/vivelaterre.com\/livres2026\/wp-json\/wp\/v2\/pages"}],"about":[{"href":"http:\/\/vivelaterre.com\/livres2026\/wp-json\/wp\/v2\/types\/page"}],"author":[{"embeddable":true,"href":"http:\/\/vivelaterre.com\/livres2026\/wp-json\/wp\/v2\/users\/1"}],"replies":[{"embeddable":true,"href":"http:\/\/vivelaterre.com\/livres2026\/wp-json\/wp\/v2\/comments?post=34"}],"version-history":[{"count":0,"href":"http:\/\/vivelaterre.com\/livres2026\/wp-json\/wp\/v2\/pages\/34\/revisions"}],"up":[{"embeddable":true,"href":"http:\/\/vivelaterre.com\/livres2026\/wp-json\/wp\/v2\/pages\/7487"}],"wp:attachment":[{"href":"http:\/\/vivelaterre.com\/livres2026\/wp-json\/wp\/v2\/media?parent=34"}],"curies":[{"name":"wp","href":"https:\/\/api.w.org\/{rel}","templated":true}]}}

Kayıtsız Kalmayın Mücadeleye Katılın!  (Turkia)

<h3 id="bookTitle" itemprop="name">Turkia</h3>
<h1 itemprop="name">Kayıtsız Kalmayın Mücadeleye Katılın!</h1>
<div>(Gilles Wanderpoosen ile Söyleşi)</div>
<div>
<div>56 pages</div>
</div>
<div>Published 2011 by Cumhuriyet Kitapları / Aydınlanma Kitaplığı</div>
<div></div>
<div>Stephane Hessel, milyonlarca satan Öfkelenin! adlı kitabından sonra Gilles Vanderpooten ile yaptığı söyleşilerde, Fransa&rsquo;da 1944&rsquo;te Ulusal Direniş Konseyi&rsquo;nin;<br />
&#8211; paranın diktasını yadsımaktan,<br />
&#8211; aşırı yoksulluğa meydan okumaktan,<br />
&#8211; küstah bir zenginliğe karşı öfkelenmekten,<br />
&#8211; bağımsız bir basın ihtiyacını ifade etmekten,<br />
&#8211; sosyal güvenliği, ifade özgürlüğünü ve insan haklarını savunmaktan oluşan ve kendisinin de Cumhuriyet ve demokrasinin değerleri olarak nitelediği değerlerine sahip çıkarak, bugün bu kazanımların tehlike altında olduğunu vurguluyor.</p>
<p>Bu 94 yaşındaki &lsquo;genç sosyalist&rsquo;, gezegenimizin kirlenmesini ve iklim felaketini, acilen müdahale edilmesi gereken ikinci büyük tehlike olarak görerek, genç kuşaklann seferber olmasını istiyor. Bu bağlamda Sartrevari bir mücadeleye katılacak olanlar, gerçek anlamda &lsquo;insan&rsquo; olacaklardır. Çevremizde rezilce şeylerin olduğunu ve bunlara karşı güçlü bir direniş göstermek gerektiğini söyleyen Hessel&rsquo;in görüşleri, Madrid, Atina, Tel Aviv ve Santiago&rsquo;dan sonra kapitalizmin merkezi Wall Street&rsquo;te de yükselen tepki dalgasının ışığında daha da anlam kazanıyor.<br />
(Tanıtım Bülteninden)</p></div>
<div></div>

<p>Turkia Kayıtsız Kalmayın Mücadeleye Katılın! (Gilles Wanderpoosen ile Söyleşi) 56 pages Published 2011 by Cumhuriyet Kitapları / Aydınlanma Kitaplığı Stephane Hessel, milyonlarca satan Öfkelenin! adlı kitabından sonra Gilles Vanderpooten ile yaptığı söyleşilerde, Fransa&rsquo;da 1944&rsquo;te Ulusal Direniş Konseyi&rsquo;nin; &#8211; paranın diktasını yadsımaktan, &#8211; aşırı yoksulluğa meydan okumaktan, &#8211; küstah bir zenginliğe karşı öfkelenmekten, &#8211; bağımsız bir [&hellip;]</p>
