{"id":39,"date":"2013-10-31T00:06:39","date_gmt":"2013-10-30T23:06:39","guid":{"rendered":"http:\/\/engagezvous.com\/site\/?page_id=39"},"modified":"2013-10-31T00:06:39","modified_gmt":"2013-10-30T23:06:39","slug":"comprometete-chile","status":"publish","type":"page","link":"http:\/\/vivelaterre.com\/livres2026\/around-the-world\/comprometete-chile\/","title":{"rendered":"\u00a1Comprom\u00e9tete! (Chile)"},"content":{"rendered":"<h3>Chile<\/h3>\n<h1>\u00a1Comprom\u00e9tete!<br \/>\nStephane Hessel<\/h1>\n<p>St\u00e9phane Hessel, cuyo alegato contra la indiferencia ha contribuido a desperezar las conciencias de miles y miles de indignados, proclama ahora la necesidad de comprometerse, desde la exigencia \u00e9tica individual y con rechazo expl\u00edcito a toda la violencia.<\/p>\n<p>A trav\u00e9s de una vibrante conversaci\u00f3n con Gilles Vanderpooten, desde los casi setenta a\u00f1os que los separan, Hessel propone medios a los j\u00f3venes para la acci\u00f3n contra las injusticias, los abusos del poder del dinero y del atropello de los derechos humanos, por encima de todo, a evitar la tentaci\u00f3n del derrotismo.<br \/>\n?Resistir ?afirma Hessel- no supone simplemente reflexionar o describir. Es necesario emprender una acci\u00f3n?.<br \/>\nNo cabe otra alternativa que comprometerse y actuar, siguiendo el ejemplo vivo, apasionante y tenaz de St\u00e9phane Hessel, una de las figuras que mejor ha conectado con las inquietudes de esta segunda d\u00e9cada del siglo XXI.<br \/>\nLiteratura internacional<br \/>\nP\u00e1ginas: 95 p\u00e1ginas<br \/>\nISBN: 9789562475655<br \/>\nFormato: 13.5 x 19.5 cm.<br \/>\nEncuadernaci\u00f3n: Tapa r\u00fastica<br \/>\nSello: Destino<br \/>\nNo. de Edici\u00f3n: 1<br \/>\nPublicaci\u00f3n: Julio 2011<\/p>\n","protected":false},"excerpt":{"rendered":"<p>Chile \u00a1Comprom\u00e9tete! Stephane Hessel St\u00e9phane Hessel, cuyo alegato contra la indiferencia ha contribuido a desperezar las conciencias de miles y miles de indignados, proclama ahora la necesidad de comprometerse, desde la exigencia \u00e9tica individual y con rechazo expl\u00edcito a toda la violencia. A trav\u00e9s de una vibrante conversaci\u00f3n con Gilles Vanderpooten, desde los casi setenta [&hellip;]<\/p>\n","protected":false},"author":1,"featured_media":0,"parent":7487,"menu_order":0,"comment_status":"open","ping_status":"open","template":"","meta":{"_acf_changed":false,"footnotes":""},"class_list":["post-39","page","type-page","status-publish","hentry"],"acf":[],"_links":{"self":[{"href":"http:\/\/vivelaterre.com\/livres2026\/wp-json\/wp\/v2\/pages\/39","targetHints":{"allow":["GET"]}}],"collection":[{"href":"http:\/\/vivelaterre.com\/livres2026\/wp-json\/wp\/v2\/pages"}],"about":[{"href":"http:\/\/vivelaterre.com\/livres2026\/wp-json\/wp\/v2\/types\/page"}],"author":[{"embeddable":true,"href":"http:\/\/vivelaterre.com\/livres2026\/wp-json\/wp\/v2\/users\/1"}],"replies":[{"embeddable":true,"href":"http:\/\/vivelaterre.com\/livres2026\/wp-json\/wp\/v2\/comments?post=39"}],"version-history":[{"count":0,"href":"http:\/\/vivelaterre.com\/livres2026\/wp-json\/wp\/v2\/pages\/39\/revisions"}],"up":[{"embeddable":true,"href":"http:\/\/vivelaterre.com\/livres2026\/wp-json\/wp\/v2\/pages\/7487"}],"wp:attachment":[{"href":"http:\/\/vivelaterre.com\/livres2026\/wp-json\/wp\/v2\/media?parent=39"}],"curies":[{"name":"wp","href":"https:\/\/api.w.org\/{rel}","templated":true}]}}

¡Comprométete! (Chile)

<h3>Chile</h3>
<h1>¡Comprométete!<br />
Stephane Hessel</h1>
<p>Stéphane Hessel, cuyo alegato contra la indiferencia ha contribuido a desperezar las conciencias de miles y miles de indignados, proclama ahora la necesidad de comprometerse, desde la exigencia ética individual y con rechazo explícito a toda la violencia.</p>
<p>A través de una vibrante conversación con Gilles Vanderpooten, desde los casi setenta años que los separan, Hessel propone medios a los jóvenes para la acción contra las injusticias, los abusos del poder del dinero y del atropello de los derechos humanos, por encima de todo, a evitar la tentación del derrotismo.<br />
?Resistir ?afirma Hessel- no supone simplemente reflexionar o describir. Es necesario emprender una acción?.<br />
No cabe otra alternativa que comprometerse y actuar, siguiendo el ejemplo vivo, apasionante y tenaz de Stéphane Hessel, una de las figuras que mejor ha conectado con las inquietudes de esta segunda década del siglo XXI.<br />
Literatura internacional<br />
Páginas: 95 páginas<br />
ISBN: 9789562475655<br />
Formato: 13.5 x 19.5 cm.<br />
Encuadernación: Tapa rústica<br />
Sello: Destino<br />
No. de Edición: 1<br />
Publicación: Julio 2011</p>

<p>Chile ¡Comprométete! Stephane Hessel Stéphane Hessel, cuyo alegato contra la indiferencia ha contribuido a desperezar las conciencias de miles y miles de indignados, proclama ahora la necesidad de comprometerse, desde la exigencia ética individual y con rechazo explícito a toda la violencia. A través de una vibrante conversación con Gilles Vanderpooten, desde los casi setenta [&hellip;]</p>
