{"id":43,"date":"2013-10-31T00:18:18","date_gmt":"2013-10-30T23:18:18","guid":{"rendered":"http:\/\/engagezvous.com\/site\/?page_id=43"},"modified":"2013-10-31T00:18:18","modified_gmt":"2013-10-30T23:18:18","slug":"comprometeu-vos-catalunya-hessel","status":"publish","type":"page","link":"http:\/\/vivelaterre.com\/livres2026\/around-the-world\/comprometeu-vos-catalunya-hessel\/","title":{"rendered":"Comprometeu-vos! (Catalunya)"},"content":{"rendered":"<h3>Catalunya<\/h3>\n<h1>Comprometeu-vos!<\/h1>\n<h3>St\u00e9phane Hessel (Author)<br \/>\nGilles Vanderpooten (Author)<br \/>\nLLOPIS FREIXAS MARIA LLOPIS FREIXAS MARIA (Translator)<br \/>\n(Catalan Edition)<\/h3>\n<p>Mitjan\u00e7ant una vibrant conversa amb Gilles Vanderpooten, i des dels quasi setanta anys que els separen, Hessel proposa als joves mitjans per a l&rsquo;acci\u00f3 contra les injust\u00edcies, els abusos de poder del diner i la manca de respecte pels drets humans, i apel\u00b7la, per damunt de tot, a evitar la temptaci\u00f3 del derrotisme.\u00abResistir -afirma Hessel- no implica simplement reflexionar o descriure. Cal emprendre una acci\u00f3\u00bb. No hi ha cap altra alternativa que no sigui el comprom\u00eds i l&rsquo;acci\u00f3, seguint l&rsquo;exemple viu, apassionant i tena\u00e7 de St\u00e9phane Hessel, una de les figures que ha connectat millor amb les inquietuds d&rsquo;aquesta segona d\u00e8cada del segle XXI.<\/p>\n[quote]\u00abUs correspon a vosaltres, amics d&rsquo;un pa\u00eds on la diversitat de cultures \u00e9s mundialment reconeguda, ciutadans del m\u00f3n, a cadascun de vosaltres individualment, i a tots col\u00b7lectivament, trobar les pistes a trav\u00e9s de les quals \u00ab\u00a0la internacional ciutadana\u00a0\u00bb podr\u00e0 dotar de vida aquest segle. No pas per aconseguir el millor dels mons, sin\u00f3 un m\u00f3n viable\u00bb. [\/quote]\n","protected":false},"excerpt":{"rendered":"<p>Catalunya Comprometeu-vos! St\u00e9phane Hessel (Author) Gilles Vanderpooten (Author) LLOPIS FREIXAS MARIA LLOPIS FREIXAS MARIA (Translator) (Catalan Edition) Mitjan\u00e7ant una vibrant conversa amb Gilles Vanderpooten, i des dels quasi setanta anys que els separen, Hessel proposa als joves mitjans per a l&rsquo;acci\u00f3 contra les injust\u00edcies, els abusos de poder del diner i la manca de respecte [&hellip;]<\/p>\n","protected":false},"author":1,"featured_media":0,"parent":7487,"menu_order":0,"comment_status":"open","ping_status":"open","template":"","meta":{"_acf_changed":false,"footnotes":""},"class_list":["post-43","page","type-page","status-publish","hentry"],"acf":[],"_links":{"self":[{"href":"http:\/\/vivelaterre.com\/livres2026\/wp-json\/wp\/v2\/pages\/43","targetHints":{"allow":["GET"]}}],"collection":[{"href":"http:\/\/vivelaterre.com\/livres2026\/wp-json\/wp\/v2\/pages"}],"about":[{"href":"http:\/\/vivelaterre.com\/livres2026\/wp-json\/wp\/v2\/types\/page"}],"author":[{"embeddable":true,"href":"http:\/\/vivelaterre.com\/livres2026\/wp-json\/wp\/v2\/users\/1"}],"replies":[{"embeddable":true,"href":"http:\/\/vivelaterre.com\/livres2026\/wp-json\/wp\/v2\/comments?post=43"}],"version-history":[{"count":0,"href":"http:\/\/vivelaterre.com\/livres2026\/wp-json\/wp\/v2\/pages\/43\/revisions"}],"up":[{"embeddable":true,"href":"http:\/\/vivelaterre.com\/livres2026\/wp-json\/wp\/v2\/pages\/7487"}],"wp:attachment":[{"href":"http:\/\/vivelaterre.com\/livres2026\/wp-json\/wp\/v2\/media?parent=43"}],"curies":[{"name":"wp","href":"https:\/\/api.w.org\/{rel}","templated":true}]}}

<h3>Catalunya</h3>
<h1>Comprometeu-vos!</h1>
<h3>Stéphane Hessel (Author)<br />
Gilles Vanderpooten (Author)<br />
LLOPIS FREIXAS MARIA LLOPIS FREIXAS MARIA (Translator)<br />
(Catalan Edition)</h3>
<p>Mitjançant una vibrant conversa amb Gilles Vanderpooten, i des dels quasi setanta anys que els separen, Hessel proposa als joves mitjans per a l&rsquo;acció contra les injustícies, els abusos de poder del diner i la manca de respecte pels drets humans, i apel·la, per damunt de tot, a evitar la temptació del derrotisme.«Resistir -afirma Hessel- no implica simplement reflexionar o descriure. Cal emprendre una acció». No hi ha cap altra alternativa que no sigui el compromís i l&rsquo;acció, seguint l&rsquo;exemple viu, apassionant i tenaç de Stéphane Hessel, una de les figures que ha connectat millor amb les inquietuds d&rsquo;aquesta segona dècada del segle XXI.</p>
[quote]«Us correspon a vosaltres, amics d&rsquo;un país on la diversitat de cultures és mundialment reconeguda, ciutadans del món, a cadascun de vosaltres individualment, i a tots col·lectivament, trobar les pistes a través de les quals « la internacional ciutadana » podrà dotar de vida aquest segle. No pas per aconseguir el millor dels mons, sinó un món viable». [/quote]

<p>Catalunya Comprometeu-vos! Stéphane Hessel (Author) Gilles Vanderpooten (Author) LLOPIS FREIXAS MARIA LLOPIS FREIXAS MARIA (Translator) (Catalan Edition) Mitjançant una vibrant conversa amb Gilles Vanderpooten, i des dels quasi setanta anys que els separen, Hessel proposa als joves mitjans per a l&rsquo;acció contra les injustícies, els abusos de poder del diner i la manca de respecte [&hellip;]</p>
