{"id":7485,"date":"2013-10-30T23:35:33","date_gmt":"2013-10-30T22:35:33","guid":{"rendered":"http:\/\/engagezvous.com\/site\/?page_id=20"},"modified":"2013-10-30T23:35:33","modified_gmt":"2013-10-30T22:35:33","slug":"engagiert-euch-hessel","status":"publish","type":"page","link":"http:\/\/vivelaterre.com\/livres2026\/around-the-world\/engagiert-euch-hessel\/","title":{"rendered":"Engagiert Euch ! (Germany)"},"content":{"rendered":"<h3>Germany<\/h3>\n<h1>Engagiert Euch!<\/h1>\n<h3>Im Gespr\u00e4ch mit Gilles Vanderpooten<\/h3>\n<p>Widerstand bedeutet Engagement<br \/>\n<strong>Der Widerstandsk\u00e4mpfer und Erfolgsautor St\u00e9phane Hessel meldet sich erneut zu Wort: Nach <em>Emp\u00f6rt Euch! <\/em>folgt sein Aufruf zum aktiven Einsatz f\u00fcr eine bessere Welt.<\/strong><\/p>\n<p>St\u00e9phane Hessels Streitschrift <em>Emp\u00f6rt Euch! <\/em>h\u00e4lt die Welt in Atem. Die Verletzung der Menschenrechte und die Zerst\u00f6rung der Umwelt gehen uns alle an. Wie aber kann sich jeder Einzelne ganz konkret f\u00fcr eine bessere Gesellschaft stark machen?<br \/>\nIm Gespr\u00e4ch mit dem jungen Journalisten Gilles Vanderpooten vertieft der ehemalige Diplomat seine Vorstellung von einem engagierten Leben. Eine komplexer gewordene Welt, so Hessel, erfordert komplexe Strategien. Widerstand darf aber nicht nur im Kopf passieren. Wir m\u00fcssen handeln, und zwar mit den Mitteln der Demokratie. Dazu geh\u00f6ren die Beteiligung an Protesten, internationale Zusammenarbeit sowie pers\u00f6nliches Engagement im Kleinen. Aber vor allem brauchen wir eines: den Glauben daran, dass unser b\u00fcrgerliches Engagement die Welt ver\u00e4ndern kann.<\/p>\n<p>ca. 96 Seiten, \u20ac 4,99 [D]\nErscheint: 15.07.11<\/p>\n","protected":false},"excerpt":{"rendered":"<p>Germany Engagiert Euch! Im Gespr\u00e4ch mit Gilles Vanderpooten Widerstand bedeutet Engagement Der Widerstandsk\u00e4mpfer und Erfolgsautor St\u00e9phane Hessel meldet sich erneut zu Wort: Nach Emp\u00f6rt Euch! folgt sein Aufruf zum aktiven Einsatz f\u00fcr eine bessere Welt. St\u00e9phane Hessels Streitschrift Emp\u00f6rt Euch! h\u00e4lt die Welt in Atem. Die Verletzung der Menschenrechte und die Zerst\u00f6rung der Umwelt gehen [&hellip;]<\/p>\n","protected":false},"author":1,"featured_media":0,"parent":7487,"menu_order":0,"comment_status":"open","ping_status":"closed","template":"","meta":{"_acf_changed":false,"footnotes":""},"class_list":["post-7485","page","type-page","status-publish","hentry"],"acf":[],"_links":{"self":[{"href":"http:\/\/vivelaterre.com\/livres2026\/wp-json\/wp\/v2\/pages\/7485","targetHints":{"allow":["GET"]}}],"collection":[{"href":"http:\/\/vivelaterre.com\/livres2026\/wp-json\/wp\/v2\/pages"}],"about":[{"href":"http:\/\/vivelaterre.com\/livres2026\/wp-json\/wp\/v2\/types\/page"}],"author":[{"embeddable":true,"href":"http:\/\/vivelaterre.com\/livres2026\/wp-json\/wp\/v2\/users\/1"}],"replies":[{"embeddable":true,"href":"http:\/\/vivelaterre.com\/livres2026\/wp-json\/wp\/v2\/comments?post=7485"}],"version-history":[{"count":0,"href":"http:\/\/vivelaterre.com\/livres2026\/wp-json\/wp\/v2\/pages\/7485\/revisions"}],"up":[{"embeddable":true,"href":"http:\/\/vivelaterre.com\/livres2026\/wp-json\/wp\/v2\/pages\/7487"}],"wp:attachment":[{"href":"http:\/\/vivelaterre.com\/livres2026\/wp-json\/wp\/v2\/media?parent=7485"}],"curies":[{"name":"wp","href":"https:\/\/api.w.org\/{rel}","templated":true}]}}

<h3>Germany</h3>
<h1>Engagiert Euch!</h1>
<h3>Im Gespräch mit Gilles Vanderpooten</h3>
<p>Widerstand bedeutet Engagement<br />
<strong>Der Widerstandskämpfer und Erfolgsautor Stéphane Hessel meldet sich erneut zu Wort: Nach <em>Empört Euch! </em>folgt sein Aufruf zum aktiven Einsatz für eine bessere Welt.</strong></p>
<p>Stéphane Hessels Streitschrift <em>Empört Euch! </em>hält die Welt in Atem. Die Verletzung der Menschenrechte und die Zerstörung der Umwelt gehen uns alle an. Wie aber kann sich jeder Einzelne ganz konkret für eine bessere Gesellschaft stark machen?<br />
Im Gespräch mit dem jungen Journalisten Gilles Vanderpooten vertieft der ehemalige Diplomat seine Vorstellung von einem engagierten Leben. Eine komplexer gewordene Welt, so Hessel, erfordert komplexe Strategien. Widerstand darf aber nicht nur im Kopf passieren. Wir müssen handeln, und zwar mit den Mitteln der Demokratie. Dazu gehören die Beteiligung an Protesten, internationale Zusammenarbeit sowie persönliches Engagement im Kleinen. Aber vor allem brauchen wir eines: den Glauben daran, dass unser bürgerliches Engagement die Welt verändern kann.</p>
<p>ca. 96 Seiten, € 4,99 [D]
Erscheint: 15.07.11</p>

<p>Germany Engagiert Euch! Im Gespräch mit Gilles Vanderpooten Widerstand bedeutet Engagement Der Widerstandskämpfer und Erfolgsautor Stéphane Hessel meldet sich erneut zu Wort: Nach Empört Euch! folgt sein Aufruf zum aktiven Einsatz für eine bessere Welt. Stéphane Hessels Streitschrift Empört Euch! hält die Welt in Atem. Die Verletzung der Menschenrechte und die Zerstörung der Umwelt gehen [&hellip;]</p>
