{"id":7486,"date":"2013-10-30T23:41:04","date_gmt":"2013-10-30T22:41:04","guid":{"rendered":"http:\/\/engagezvous.com\/site\/?page_id=22"},"modified":"2013-10-30T23:41:04","modified_gmt":"2013-10-30T22:41:04","slug":"comprometeos-espana","status":"publish","type":"page","link":"http:\/\/vivelaterre.com\/livres2026\/around-the-world\/comprometeos-espana\/","title":{"rendered":"\u00a1Comprometeos! (Espana)"},"content":{"rendered":"<h1 itemprop=\"name\">\u00a1Comprometeos!<\/h1>\n<div>\n<h3>Conversaciones con Gilles Vanderpooten<\/h3>\n<\/div>\n[quote]Os corresponde a vosotros, amigos de Espa\u00f1a \u2014pa\u00eds en el que la diversidad de las culturas es mundialmente reconocida\u2014, ciudadanos del mundo, a cada uno de vosotros individualmente, y a todos colectivamente, encontrar las pistas a trav\u00e9s de las cuales la \u00ab\u00a0internacional ciudadana\u00a0\u00bb podr\u00e1 dotar de vida este siglo. No para lograr el mejor de los mundos, sino un mundo viable.[\/quote]\n<h2>Sinopsis<\/h2>\n<div>\n<p>St\u00e9phane Hessel, cuyo alegato contra la indiferencia contribuy\u00f3 a desperezar las conciencias de miles y miles de indignados, proclama en <em>\u00a1Comprometeos!<\/em> la necesidad de comprometerse, desde la exigencia \u00e9tica individual y con rechazo expl\u00edcito a toda violencia.<\/p>\n<p>A trav\u00e9s de una vibrante conversaci\u00f3n con Gilles Vanderpooten, desde los casi setenta a\u00f1os que los separan, Hessel propone medios a los j\u00f3venes para la acci\u00f3n contra las injusticias, los abusos del poder del dinero y el atropello de los derechos humanos, y apela, por encima de todo, a evitar la tentaci\u00f3n del derrotismo.<\/p>\n<p>\u00abResistir \u2014afirma Hessel\u2014 no supone simplemente reflexionar o describir. Es necesario emprender una acci\u00f3n.\u00bb No cabe otra alternativa que comprometerse y actuar, siguiendo el ejemplo vivo, apasionante y tenaz de St\u00e9phane Hessel, una de las figuras que mejor ha conectado con las inquietudes de esta segunda d\u00e9cada del siglo XXI.<\/p>\n<p>Destino Ediciones<br \/>\nEspana<br \/>\nMore on http:\/\/planetadelibros.com\/l-50734<\/p>\n<\/div>\n","protected":false},"excerpt":{"rendered":"<p>\u00a1Comprometeos! Conversaciones con Gilles Vanderpooten [quote]Os corresponde a vosotros, amigos de Espa\u00f1a \u2014pa\u00eds en el que la diversidad de las culturas es mundialmente reconocida\u2014, ciudadanos del mundo, a cada uno de vosotros individualmente, y a todos colectivamente, encontrar las pistas a trav\u00e9s de las cuales la \u00ab\u00a0internacional ciudadana\u00a0\u00bb podr\u00e1 dotar de vida este siglo. No [&hellip;]<\/p>\n","protected":false},"author":1,"featured_media":0,"parent":7487,"menu_order":0,"comment_status":"open","ping_status":"closed","template":"","meta":{"_acf_changed":false,"footnotes":""},"class_list":["post-7486","page","type-page","status-publish","hentry"],"acf":[],"_links":{"self":[{"href":"http:\/\/vivelaterre.com\/livres2026\/wp-json\/wp\/v2\/pages\/7486","targetHints":{"allow":["GET"]}}],"collection":[{"href":"http:\/\/vivelaterre.com\/livres2026\/wp-json\/wp\/v2\/pages"}],"about":[{"href":"http:\/\/vivelaterre.com\/livres2026\/wp-json\/wp\/v2\/types\/page"}],"author":[{"embeddable":true,"href":"http:\/\/vivelaterre.com\/livres2026\/wp-json\/wp\/v2\/users\/1"}],"replies":[{"embeddable":true,"href":"http:\/\/vivelaterre.com\/livres2026\/wp-json\/wp\/v2\/comments?post=7486"}],"version-history":[{"count":0,"href":"http:\/\/vivelaterre.com\/livres2026\/wp-json\/wp\/v2\/pages\/7486\/revisions"}],"up":[{"embeddable":true,"href":"http:\/\/vivelaterre.com\/livres2026\/wp-json\/wp\/v2\/pages\/7487"}],"wp:attachment":[{"href":"http:\/\/vivelaterre.com\/livres2026\/wp-json\/wp\/v2\/media?parent=7486"}],"curies":[{"name":"wp","href":"https:\/\/api.w.org\/{rel}","templated":true}]}}

<h1 itemprop="name">¡Comprometeos!</h1>
<div>
<h3>Conversaciones con Gilles Vanderpooten</h3>
</div>
[quote]Os corresponde a vosotros, amigos de España —país en el que la diversidad de las culturas es mundialmente reconocida—, ciudadanos del mundo, a cada uno de vosotros individualmente, y a todos colectivamente, encontrar las pistas a través de las cuales la « internacional ciudadana » podrá dotar de vida este siglo. No para lograr el mejor de los mundos, sino un mundo viable.[/quote]
<h2>Sinopsis</h2>
<div>
<p>Stéphane Hessel, cuyo alegato contra la indiferencia contribuyó a desperezar las conciencias de miles y miles de indignados, proclama en <em>¡Comprometeos!</em> la necesidad de comprometerse, desde la exigencia ética individual y con rechazo explícito a toda violencia.</p>
<p>A través de una vibrante conversación con Gilles Vanderpooten, desde los casi setenta años que los separan, Hessel propone medios a los jóvenes para la acción contra las injusticias, los abusos del poder del dinero y el atropello de los derechos humanos, y apela, por encima de todo, a evitar la tentación del derrotismo.</p>
<p>«Resistir —afirma Hessel— no supone simplemente reflexionar o describir. Es necesario emprender una acción.» No cabe otra alternativa que comprometerse y actuar, siguiendo el ejemplo vivo, apasionante y tenaz de Stéphane Hessel, una de las figuras que mejor ha conectado con las inquietudes de esta segunda década del siglo XXI.</p>
<p>Destino Ediciones<br />
Espana<br />
More on http://planetadelibros.com/l-50734</p>
</div>

<p>¡Comprometeos! Conversaciones con Gilles Vanderpooten [quote]Os corresponde a vosotros, amigos de España —país en el que la diversidad de las culturas es mundialmente reconocida—, ciudadanos del mundo, a cada uno de vosotros individualmente, y a todos colectivamente, encontrar las pistas a través de las cuales la « internacional ciudadana » podrá dotar de vida este siglo. No [&hellip;]</p>
